t(y) = -6*c(y) - 5*f(y). List the prime factors of t(6).
127
Let u(i) = 98*i**2 - 6. What are the prime factors of u(-2)?
2, 193
What are the prime factors of (0 + 3/(-6))*-1132?
2, 283
Let q = 20 + -18. Suppose -2*f - x = -502, -f = q*f - 4*x - 764. What are the prime factors of f?
2, 3, 7
Suppose 2*v = 3*s + 127 - 18, 5*v = s + 253. What are the prime factors of (v/(-20))/(2/(-32))?
2, 5
Suppose 3*c = 4*g - 1905, -c = 2*g - 231 - 714. List the prime factors of g.
2, 3, 79
List the prime factors of (-11187)/(-11) - (-6)/(-6).
2, 127
Let n be 3*(-5 + 1 + 13). Suppose -28 = -5*w + y, 4*w + y + 10 = n. What are the prime factors of w?
5
Suppose -5*z + 10*z - 10 = 0. List the prime factors of (9*10)/3 - z.
2, 7
Suppose 0 = 42*w - 113*w + 175583. What are the prime factors of w?
2473
Suppose 2*a + 6*a = -224. What are the prime factors of (a/(-6))/(6/63)?
7
Let v(m) = 38*m**2 - 12*m - 25. List the prime factors of v(10).
5, 17, 43
Suppose -5*w + 4*w - f = -8, -3*f = -3. What are the prime factors of ((-2)/8)/(w/(-196))?
7
What are the prime factors of (-16)/12 + 2/((-12)/(-2570))?
7, 61
Let d(f) = -30 + 15*f**2 + 3*f + 25 + f**2. List the prime factors of d(2).
5, 13
Let v be (4 + -6 - 0)*4. List the prime factors of v/4*2 + 167.
163
Let s be (15/(-12))/((-3)/12). Let d = 7 - s. Suppose 5 = -d*v + 1, -2*y - 3*v = -68. What are the prime factors of y?
37
Let p be ((-5)/(-3))/(2/6). Suppose -5*l + p = 3*g, -2 = -3*g - 17. Suppose l*o - 34 = -2*n + 6*o, -3*o + 51 = 3*n. List the prime factors of n.
17
Let d be 32/(-8) - (-7 + 1). Suppose d*l - 5*x - 161 = -56, -2*x = 3*l - 129. Suppose 8*h = 3*h + l. What are the prime factors of h?
3
Suppose -10 = 2*w, 0*z + z = 5*w + 63. Let r(m) = -2*m**3 + 12*m**2 + m + 7. Let c be r(6). Suppose -c = -3*n + z. What are the prime factors of n?
17
Let v(o) = -2*o. Let f be v(-10). Let y = 94 - f. Suppose -5*b = -3*b - y. List the prime factors of b.
37
Suppose -5*r - 3511 = -2*n, -5132 = -4*n + r + 1935. What are the prime factors of n?
2, 13, 17
Let a(u) be the first derivative of -u**4/4 - 4*u**3 + 3*u**2 + u + 6. Let q be a(-12). Let s = -31 - q. List the prime factors of s.
2, 5
Let m = 1 + 3. Suppose 3*f = -s + m*s + 3, -3*s - 3 = 5*f. Suppose -t + 2*t - 62 = -3*b, f = -4*b + t + 71. What are the prime factors of b?
19
Suppose 15 = -24*y + 29*y. What are the prime factors of 63/(-2)*(y - 9)?
3, 7
Suppose 0 = 22*k - 26*k + 8244. What are the prime factors of k?
3, 229
Let l be -4*((-3)/6)/(14/(-7)). Let y(s) = -10*s**2 - 2*s - 2. Let i be y(-2). List the prime factors of l/(-3) + i/(-3).
13
Suppose -g + 12 = -0. Let y(x) = -2*x - 34. Let s be y(-14). Let p = s + g. What are the prime factors of p?
2, 3
Suppose 0 = -h + 4*y + 704, -37*h + 734 = -36*h + 2*y. List the prime factors of h.
2, 181
Suppose 0 = -3*m - k - 3, -2*m = 5*k + 15. Let n = 187 - 180. Suppose c - n - 24 = m. What are the prime factors of c?
31
Suppose 0 = -5*u - 4*a - 1, -2*u - 3*u = 3*a - 3. Let d(l) = 29*l - 17. What are the prime factors of d(u)?
2, 5, 7
Suppose 5*a - 3415 = 2*i, -5*a = -3*i - 749 - 2661. What are the prime factors of a?
5, 137
Let r be (-34)/51 + 2/3 + 222. Let b = r + -94. What are the prime factors of b?
2
Let c = 35 - 22. Suppose 5*v + c = 3. List the prime factors of 74/(v - (-3)/1).
2, 37
Let x(g) = g**2 - 7*g + 3. Let h be x(6). Suppose 0 = -4*n + 20, 56 = 3*i + 4*n. Let l = h + i. What are the prime factors of l?
3
Suppose -9*i - 1123 = -10627. What are the prime factors of i?
2, 3, 11
Let j(z) = z**3 + 10*z**2 - 21*z + 10. Let c be j(-12). List the prime factors of c/7 + 16/(-56) + 185.
181
List the prime factors of (6 - (-14876)/4) + -2.
3, 17, 73
Suppose -5*j = -8*j + 45. Suppose -5*u = -3*b + j - 72, 3*b = -12. Suppose -k = -u*k + 488. What are the prime factors of k?
61
What are the prime factors of (9*(-2 + 40))/(4/6)?
3, 19
Let h be (-4)/10 + (-272)/(-80). What are the prime factors of 65 - (-6)/h*1?
67
Let f = 78 - 75. What are the prime factors of (-53)/(2*1*f/(-6))?
53
Let u(f) = f**2 + 4*f - 7. Let d be u(-9). Let t be d/12 - 6/36. What are the prime factors of t + 4 + (-4 - -3)?
2, 3
Suppose -2*d - 18 + 4 = 0. Let m = 7 + d. Suppose m = n - 9 - 8. What are the prime factors of n?
17
Suppose 0 = i - u - 61, -7*i + 3*i + 237 = 3*u. What are the prime factors of i?
2, 3, 5
Let v = -18 + 20. Suppose -v*a - 73 = -5*k - 0, 3*a = -k + 18. What are the prime factors of k?
3, 5
Let o = -48 - -42. List the prime factors of o/45 + 428/60.
7
Let a(o) = 8*o**2 + 2*o - 29. Let l be a(7). Suppose -5*i = -l + 17. List the prime factors of i.
2, 3
Suppose -3*f + 147 = -54. Suppose 0 = -i + 2 + f. List the prime factors of i.
3, 23
Let x(h) = 0 - 7*h - 1 - 2*h. What are the prime factors of x(-2)?
17
Suppose -15*s = -7914 - 5316. Suppose -s = -5*v - 0*r - 2*r, -5*v = -5*r - 910. What are the prime factors of v?
2, 89
Suppose 97 = 2*s - b, 117 = 2*s + 5*b - 10. Let g = s + -14. What are the prime factors of g?
37
Let q(u) = u. Let m(v) = v - 31. Let g(c) = m(c) + 2*q(c). List the prime factors of g(14).
11
Let q(n) be the first derivative of -n**3/3 - 11*n**2/2 + 8*n - 5. Let s be q(-11). Suppose -7*a + s*a = 40. List the prime factors of a.
2, 5
Suppose 0 = 4*f, -2*f = 3*a - 6*f - 3066. List the prime factors of a.
2, 7, 73
Let s = 3453 - 2380. List the prime factors of s.
29, 37
Suppose -3*i = r - 10, -2*r + 3*i - 2*i - 15 = 0. List the prime factors of (r/2)/((-5)/20).
2, 5
Let x(g) = -g + 4. Suppose -4*u + 3*u - 11 = 0. Let q be x(u). What are the prime factors of ((-9)/q)/(1/(-5))?
3
Suppose 23 = 4*m + t, 0 = -3*m + 3*t - 1 + 22. Let u(z) = z**2 + 2*z + 3. What are the prime factors of u(m)?
3, 17
Suppose t = 2*a - 8617, 185*t = -5*a + 186*t + 21544. What are the prime factors of a?
31, 139
Suppose -6*f = -8*f + 564. What are the prime factors of f?
2, 3, 47
What are the prime factors of (28 + -27)/((-1)/(-1*47))?
47
Suppose -3*v = v - 4. Let y(b) = 3 - v - 6*b + 2*b + b. What are the prime factors of y(-4)?
2, 7
Suppose 0 = -0*d + d - 434. Suppose 5*x - 104 = -3*u + d, -176 = -u - 5*x. What are the prime factors of u?
181
Suppose -165*t + 2398 = -164*t. List the prime factors of t.
2, 11, 109
Suppose 46 = 4*f - r, r - 20 = -f - 3*r. Let l = 10 - f. What are the prime factors of (-16)/(-12) - l/3?
2
Let i(d) = d + 7. Let t be i(4). Let q = 15 - t. What are the prime factors of q/16 + (-27)/(-4)?
7
Suppose 0 = 2*s - 217 - 15. Let u = -63 + s. List the prime factors of u.
53
Let a = 34 + -32. Suppose a*w - 3 - 157 = -5*u, -2*w = -u - 148. List the prime factors of w.
3, 5
Let c = 85 + -82. Suppose -5*j + 621 = c*q, -5*q - 70 + 1118 = 4*j. List the prime factors of q.
2, 53
Suppose -5*z = 3*y - 1, 5*y - 15 = 6*z - z. Suppose 0 = d - a - 150, 4*d - 431 = -y*a + 169. List the prime factors of d.
2, 3, 5
Let v be (462/(-12))/11*(-16)/14. Suppose v*i - 13 = 407. List the prime factors of i.
3, 5, 7
Let k(y) = -y**3 + 7*y**2 + 2*y - 11. Let d be k(7). Suppose 5*b - 3*g = 143, -3*b - d*g + 5*g = -86. List the prime factors of b.
2, 7
Suppose h - 575 = j - 155, 4*h + 4*j - 1712 = 0. List the prime factors of h.
2, 53
Suppose 5*s + 295 = -220. List the prime factors of -3*(s - (-6 + 1)).
2, 3, 7
Let r(k) = -k**3 - 14*k**2 - 17*k - 12. Suppose 0*s - 52 = 4*s. List the prime factors of r(s).
2, 5
Let j(t) = 2*t**3 + 4*t**2 + 2*t + 254. List the prime factors of j(0).
2, 127
Suppose 0*i = -22*i + 80322. What are the prime factors of i?
3, 1217
Let y(i) = -i**3 - 14*i**2 - 11*i + 31. Let x be y(-13). Suppose -6*h + 237 = -h - d, -x*h - 4*d = -227. What are the prime factors of h?
47
Let f be 3 - (-1 + -1 + 1). Suppose 144 = -t + f*t. List the prime factors of t.
2, 3
Let h be -3 - (27 + 0)/3. Let g be (-8)/6*h/8. Suppose 2*f - 2 = -2*l, -6*l + l + 17 = g*f. What are the prime factors of l?
5
Let u = 949 + -82. What are the prime factors of u?
3, 17
Let p be -3*(-24)/(-27)*(-54)/8. Let d = 16 - 43. What are the prime factors of (p/d)/(1/(-60))?
2, 5
Let i(j) = -80*j. Let y = -16 - -14. Let u be i(y). Suppose -2*b = 3*b - u. List the prime factors of b.
2
Let q = 353 + -13. Suppose -3*c - 2*c - 431 = -m, 4*c - 2*m + q = 0. Let z = 147 + c. What are the prime factors of z?
2, 3, 5
Let q(j) = j**2 + 17*j + 93. What are the prime fa